of (-10 - (0 - -2)) + 2 + (29 - 54)?
-35
-14 + -8 + 3 - (1 + 59)
-79
-1 + (51 - (22 + -4 + -7 + 0))
39
(-8 - -5) + 20 + -6 - -35
46
What is the value of (-1 + 11 + 1 - 0) + 209 + -111 + -110?
-1
What is the value of -29 - (71 + -37 - 11)?
-52
What is 5 - (1 + 20) - (-88 - (-14 + 14))?
72
Evaluate (29 + -13 - 18) + 12 - -38.
48
-6 - (2 - (-1 - 7) - (90 + -25 + -32))
17
-6 + (-42 - -37) + (-1 - (-13 + 2))
-1
What is the value of -22 + 12 + -11 - (-4 + -11)?
-6
Calculate -15 - (-127 - -5 - -65).
42
What is the value of -18 - (-69 - -15) - (-65 + 227)?
-126
Calculate -12 + 122 + -111 + (68 - 0).
67
What is the value of 8 - (-10 + 3 - -62) - (25 + -2 - 12)?
-58
What is the value of 31 - ((13 - 19) + -7 + 11)?
33
Calculate 15 + -12 - 14 - (-36 - (-4 + 0)).
21
(-28 - 10) + 38 - (6 + -2)
-4
What is 0 + (16 - (7 + (-14 - -15)))?
8
Evaluate -35 + -64 + (7 - (-63 + 37)).
-66
13 + (-24 - 36) + 53 + -2 + 14
18
What is the value of -13 + -1 - (-210 + 213 - (11 + (4 - -1)))?
-1
7 - -45 - 53 - 3
-4
Calculate 53 + -57 + 13 + (4 - -6).
19
What is (10 + -26 + 1 - (2 + -1)) + (-129 - -134)?
-11
What is the value of (4 - (3 + -13) - (-5 - -29)) + -32?
-42
What is the value of -154 - -161 - (6 - (9 - 7) - 16)?
19
Evaluate 96 + (61 - -2) + -116.
43
Evaluate -696 + 725 + (-7 - -2).
24
2 + (11 - 7 - 9 - 7) - 4
-14
What is the value of (150 - (-24 - -38) - (50 - 16)) + (-3 - -1)?
100
What is 46 + -42 + -23 - (7 - 3)?
-23
Calculate 12 + (14 + -6 + -28 + 22 - 136 - 11).
-133
What is -3 + (-6 - -6) + (15 + -1 - (7 - 42))?
46
What is (-4 + 9 - 6 - (15 + -2) - 0) + -25?
-39
-3 + (368 - 356 - (18 - (0 - -2)))
-7
Evaluate 30 + -27 + 2 + (6 - 4 - 17).
-10
What is the value of 13 - ((-7 + 13 - -3) + 6 - (2 - -7))?
7
What is -10 + -1 + (-23 - (-23 - 35))?
24
What is -6 + (-7 - -1 - -7) + -8 + -101?
-114
0 + -20 + -83 + (121 - 59 - 68)
-109
What is the value of -2 + (-101 + 0 - (13 + -59 + 36)) + 8?
-85
What is the value of -2 + (-3 - -1) + 4 + (-1 + -1 - 41)?
-43
Calculate 15 - (-12 - (-40 - 24)).
-37
Calculate 11 + -34 + 160 + 14 + -32.
119
What is 36 + -50 + -5 + -54?
-73
What is (-1 - (-12 - -2)) + (65 - -2) + -72 - 36?
-32
What is the value of (-43 - -2) + (9 - (24 + -5 + -8))?
-43
Evaluate -54 - (-16 - (-27 + -15)).
-80
-13 + 8 - (-16 + 21 + -27 - (-1 + 12))
28
(-15 + -7 - (-108 - -78)) + (13 - 0)
21
Evaluate 29 - 7 - (16 + -37 - -26).
17
Calculate -48 + (-66 + 46 - -14) + (-2 - (-2 + -12)).
-42
Calculate -32 - (-70 - (23 + -76)).
-15
What is (0 + 16 - (-53 + 95)) + -1 + 2?
-25
What is the value of -2 + (7 - -2) + 13 - (-15 - -7)?
28
What is -14 + 28 + -14 + 12 - (5 + (-3 - -8))?
2
Evaluate (-185 - -200 - (4 + -4 + 138 + -3)) + 10.
-110
Calculate (-37 - (117 + 18)) + 92.
-80
What is 3 + -1 - (-11 + (59 - (-11 + 8)) - 1)?
-48
Evaluate (-10 - (-27 + (24 - 22))) + (5 - 90).
-70
83 - ((12 - (-3 + 11)) + 9) - (-3 - -7)
66
What is ((-3 - -5) + -1 - -9) + (53 - 114) + 65?
14
What is -51 + (-147 - -191) - (1 + 11 - 0)?
-19
What is (54 - 38 - 139) + (23 - (-5 - -14))?
-109
Evaluate 55 + (-39 - 17) + 40 + (-3 - 3).
33
Evaluate (-1 + -2 - (19 + 4)) + (5191 - 5176).
-11
Calculate (-404 + 309 - -134) + (4 - 0).
43
What is the value of (3 + -4 - -51) + -217 + 228?
61
Calculate 64 + (2 - 81 - -23).
8
What is the value of -8 - -33 - (-27 + 52 + -1)?
1
30 + (-46 - -2) + (8 - -15)
9
What is the value of -16 - (-37 + 35 + 21 - -5)?
-40
(-21 - -45 - (-3 - -94)) + 30
-37
What is the value of 90 + (8 - 6) + 43 + -23 + -17?
95
What is (78 - 3) + (1 - -3) + (0 - -3)?
82
What is 10 + (49 - (31 - 0))?
28
What is the value of -85 + 171 + (-37 - -2)?
51
What is -189 - -165 - (-43 + -9)?
28
Evaluate 12 + (21 - (-2 - -4)) + -2924 + 2895.
2
Evaluate (4 - -1) + (-4 - (55 + 46 - (3 - 10))).
-107
Calculate -41 - 3 - (-14 + -58 - 68).
96
-262 - -218 - (-39 - 11 - -9)
-3
Evaluate -84 + -11 + 5 + (-31 - 16 - -43).
-94
69 + (-97 - 0) - (-7 + (0 + -4 - -6))
-23
Calculate 1 + (-74 - 19) - -1 - (-3 + -12 - -2).
-78
What is 1 - ((27 - (22 + -3)) + 0 + 15)?
-22
Evaluate -118 + (12 - -34) + 5.
-67
-8 + (-1 + (-1 - -6) - (-17 + -16 + 41))
-12
Evaluate -92 - 24 - 86 - -151.
-51
What is -3 - -7 - 79 - (-80 + 49 - -17)?
-61
Evaluate (54 - (-83 + 49)) + -73.
15
Calculate 31 - (11 + (-33 - (-7 - -4) - -6)).
44
Evaluate -1 + (3 - -32) - (6 + (54 - 47)).
21
What is 45 + (-26 - -81 - 50)?
50
What is the value of -11 - ((37 - (9 + 13) - 56) + -2 + -11)?
43
0 - -18 - (1491 - 1554)
81
What is (34 - (-55 + 45)) + -99?
-55
Evaluate (-16 - -13) + 60 + 11 + -12 + -2 + 8.
62
What is -2 + 8 + -1 - 4 - (-33 + -14 + 0)?
48
Calculate 6 + -1 + (66 - 13).
58
Evaluate -5 + (5 + (-17 - 4) + 6 - (-61 + 9)).
37
Evaluate -217 - -146 - (4 + -36) - -130.
91
Calculate 2 + 0 + -1 - ((-33 + 13 - -59) + -42).
4
0 - -2 - (13 - 24) - ((8 - 0) + -11)
16
Evaluate (-7288 - -7282) + (0 - -7).
1
(4 - (12 - (-14 + 8))) + 132 - 13
105
What is (36 + -20 + -5 - (18 + 53)) + 10?
-50
Evaluate -248 + 271 + (-2 - (2 + 3)) + 23.
39
What is (37 - (68 + -39)) + -59?
-51
Calculate 5 + 109 + -3885 + 3836.
65
-10 - 0 - (-309 + 314) - (-2 - -1) - 7
-21
Calculate (-3 - 15) + (-6 + 5 - 13 - -20).
-12
What is 56 - -3 - 1 - (-6 - (-2 - -20))?
82
Evaluate 69 + -50 - -37 - 78.
-22
What is -8 - (0 + -66 + (131 - 56 - 61))?
44
Evaluate (16 - 34) + 22 - (-32 + -1 + (-21 - -24)).
34
-28 - (-1 + -7 + 20 + 2)
-42
-170 + 208 + (-12 - -51) + -38
39
Calculate 4 + (8 - -13) + -36 + 5.
-6
Evaluate (3 - 47) + (3538 - 3526).
-32
Calculate -68 + -16 + 79 + -18.
-23
Calculate 13 - ((-1 - (-6 - 11 - -3)) + 9).
-9
What is -1 + 3 + (3929 - 3898)?
33
What is the value of -32 + (-1 - (12 - (20 - -3)))?
-22
What is -5 + (1 - 76) - (377 + -402)?
-55
What is the value of 4 + (55 - 50) + -2 + -29?
-22
What is -4 - (-228 - (-101 + -34))?
89
Calculate -19 - -43 - 77 - (-4 + -2) - 14.
-61
-3935 + 4002 - ((-3 - -2) + 0)
68
What is the value of 22 + 33 + (-1 - 15) + -38 - (-24 + 0)?
25
-294 + 225 + (-6 - -24 - -2)
-49
What is 58 - (-13 + -14 + 102)?
-17
Evaluate (30 - 42) + -9 + 32 + 132.
143
What is 59 + ((2 - 1) + 2 + (728 - 725) - -3)?
68
(53 - 16) + (-428 - -425)
34
-6 + 14 + -9 - -8 - (17 - 21)
11
What is (-1 - (20 + 5)) + -6 + -5 + 15 + -8?
-30
What is 7 + (4 - 9) + -425 + 314?
-109
Evaluate -7 - ((3 - 52) + (52 - 37)).
27
What is 0 + 38 + -1 + (-9262 - -9260)?
35
What is (-2 - 0) + (46 - 1) + -1751 + 1747?
39
Evaluate -33 + (-9 - -36) + 0 + 22 + 12.
28
What is -6 + -1 + 2 - ((-347 - -288) + 1 + 17)?
36
What is -7 + -63 + -4 + (-8 + 20 + 5 - 1)?
-58
(-4 + 14 - -4) + -5 - (-98 + 71)
36
What is the value of 32 + -4 + -17 + (-10 + 11 - (2 + -11))?
21
Calculate 8 - (35 - (20 + (-14 - -6))) - 13.
-28
(0 - 15 - (343 + -334)) + 6
-18
(-248 - -233) + -1 + 6 - -4 - (1 - 48)
41
Calculate 1 - (-7 + (6 - 3 - 14 - -3)).
16
(-7 - -2) + -105 + -13 + 94
-29
Calculate -10 - 48 - (-7 + (-9 + 9 - -17)).
-68
Evaluate -2 + -48 - ((70 - 111) + 43).
-52
What is the value of -1 - (90 - (-5 + 6)) - (113 + -127)?
-76
What is 532 + -478 - (33 + 2)?
19
What is the value of (-1 + 0 - 51) + (7069 - 7048)?
-31
What is the value of (-1 - -39) + (41 + -216 - -153)?
16
What is the value of -37 - (47 + -13 + -13 - 70)?
12
Evaluate 39 - -2 - (-2 + 6 - -9).
28
Evaluate 47 - 1 - (373 + 192 + -432).
-87
What is the value of -24 + 3 - -5 - (48 + -35 - 15)?
-14
(-11 - -31) + -5 + -68 + 25
-28
What is 25 + (18 + -4 - (-282 + 273))?
48
What is 44 + (77 - 124) + -4?
-7
Calculate (12 - 28) + 5 + -8 + 0 + -20.
-39
Calculate -24 + (5 - 15) + -8 + 2.
-40
-6 + -5 + (-2 - -5) + (-6 - -3 - -67)
56
Calculate 34 - (7 + 44 + -69 + (15 - 5)).
42
Evaluate 149 - (5 - -51 - 19).
112
-28 + (21 - -122) + -14 + 4
105
(-3 - 27) + -20 + 31 + 15
-4
What is -32 + 24 + 91 + -160?
-77
Calculate (-70 + 44 - -72) + -1 + -6.
39
Calculate (-23 - -1) + 248 + -266.
-40
(0 - 79) + (-1253 - -1208 - (-60 + 1))
-65
-118 + 47 - -70 - (70 - -1)
-72
Evaluate -568 + 486 - (-163 - -7).
74
(15 - -38) + -385 + 427
95
Evaluate 3 + -15 + -1 - (-7 + -33 - -4).
23
What is the value of -71 + -3 - (-1281 + 1191)?
16
What is -18 - (9 + -9 + -10 + 6)?
-14
Evaluate -33 + (3 + (3 - 1) - (84 + -77)) + 5.
-30
Evaluate 7 + -5 + -9 - (13 - 22 - -125).
-123
What is -29 + (-39 - -68) + 5 - (-1 - -26)?
-20
What is the value of 64 + -48 + (11 - -14) - (-5 + 1 - -1)?
44
Evaluate 69 - (1423 + -142